{"id":274,"date":"2022-12-08T10:16:40","date_gmt":"2022-12-08T09:16:40","guid":{"rendered":"https:\/\/msc-pruem.de\/?page_id=274"},"modified":"2025-07-11T11:04:03","modified_gmt":"2025-07-11T09:04:03","slug":"oldtimertreffen","status":"publish","type":"page","link":"https:\/\/msc-pruem.de\/index.php\/oldtimertreffen\/","title":{"rendered":"Oldtimertreffen"},"content":{"rendered":"\n<figure class=\"wp-block-image size-large\"><img loading=\"lazy\" decoding=\"async\" width=\"1024\" height=\"635\" src=\"https:\/\/msc-pruem.de\/wp-content\/uploads\/2022\/12\/OT-mit-Basilika-1024x635.jpg\" alt=\"\" class=\"wp-image-275\" srcset=\"https:\/\/msc-pruem.de\/wp-content\/uploads\/2022\/12\/OT-mit-Basilika-1024x635.jpg 1024w, https:\/\/msc-pruem.de\/wp-content\/uploads\/2022\/12\/OT-mit-Basilika-300x186.jpg 300w, https:\/\/msc-pruem.de\/wp-content\/uploads\/2022\/12\/OT-mit-Basilika-768x476.jpg 768w, https:\/\/msc-pruem.de\/wp-content\/uploads\/2022\/12\/OT-mit-Basilika-1536x952.jpg 1536w, https:\/\/msc-pruem.de\/wp-content\/uploads\/2022\/12\/OT-mit-Basilika-2048x1270.jpg 2048w, https:\/\/msc-pruem.de\/wp-content\/uploads\/2022\/12\/OT-mit-Basilika-484x300.jpg 484w\" sizes=\"auto, (max-width: 1024px) 100vw, 1024px\" \/><\/figure>\n\n\n\n<p>Der MSC Pr\u00fcm e.V. im ADAC veranstaltet j\u00e4hrlich anl\u00e4sslich der Er\u00f6ffnung des <a href=\"https:\/\/www.pruemer-sommer.de\/\" target=\"_blank\" rel=\"noreferrer noopener\">Pr\u00fcmer Sommers<\/a> ein gro\u00dfes Old- und Youngtimertreffen im Schatten der ehrw\u00fcrdigen St. Salvator Basilika im Herzen der Stadt.<\/p>\n\n\n\n<p>Der Termin ist jeweils der letzte Sonntag im Juni.<\/p>\n\n\n\n<p>Wir d\u00fcrfen regelm\u00e4\u00dfig \u00fcber siebzig Fahrzeuge begr\u00fc\u00dfen, von Vorkriegsmodellen bis zu j\u00fcngeren Oldtimern (30 Jahre oder \u00e4lter) sowie Youngtimern, die \u00fcber 20 Jahre alt sind. Teilweise kommen \u00fcber 110 Fahrzeuge, was unseren Hahnplatz an seine Grenzen bringt.<\/p>\n\n\n\n<h2 class=\"wp-block-heading\">Wir bitten Euch, folgendes zu beachten:<\/h2>\n\n\n\n<p>Zur Teilnahme sind nur ordnungsgem\u00e4\u00df zugelassene PKW und Motorr\u00e4der \u00e4lter als 20 Jahre, die den Bestimmungen der StVZO entsprechen, zugelassen.<\/p>\n\n\n\n<p>Die Teilnahme an der Veranstaltung erfolgt ausschlie\u00dflich auf eigene Gefahr. F\u00fcr Besch\u00e4digungen jeglicher Art wird nicht gehaftet. Insbesondere wird auf den geltenden <a href=\"https:\/\/msc-pruem.de\/index.php\/haftungsausschluss\/\" target=\"_blank\" rel=\"noreferrer noopener\">Haftungsausschluss <\/a>verwiesen.\u00a0 Wir erwarten euch ab 9:30 auf dem Hahnplatz vor der Basilika bis sp\u00e4testens 12:00 Uhr.<\/p>\n\n\n\n<p>Aus Platzgr\u00fcnden m\u00fcssen wir leider die Anzahl der Teilnehmer begrenzen.&nbsp;<\/p>\n\n\n\n<p><em><strong>Achtung: Einlass kann nur bei ausreichendem Platz&nbsp;erfolgen!!<\/strong><\/em><\/p>\n\n\n\n<p><strong>Wir weisen auch insbesondere darauf hin<\/strong>, dass nur die ausgeschilderten Anfahrtswege benutzt werden sollen. Falls Fahrzeuge aus anderen Richtungen auf den Hahnplatz kommen, werden sie m\u00f6glicherweise zur\u00fcckgewiesen. Vor Allem werden diese Fahrzeuge nicht eingewiesen und k\u00f6nnen somit auf Grund des beschr\u00e4nkten Platzes nicht damit rechnen, auch einen Stellplatz zu bekommen.<\/p>\n\n\n\n<p>Auf die <a href=\"https:\/\/msc-pruem.de\/index.php\/datenschutzerklaerung\/\" target=\"_blank\" rel=\"noreferrer noopener\">Datenschutzerk\u00e4rung<\/a> wird ausdr\u00fccklich hingewiesen.<\/p>\n\n\n\n<p>Die Teilnahme ist kostenfrei.&nbsp;<\/p>\n\n\n\n<p>Das Orga-Team des MSC Pr\u00fcm freut sich auf Euch.<\/p>\n\n\n\n<p>26. Oldtimertreffen 2026<a href=\"https:\/\/msc-pruem.de\/index.php\/2022\/12\/14\/22-oldtimertreffen-2023\/\"> <\/a>mit <a href=\"https:\/\/msc-pruem.de\/index.php\/anmeldung-zum-oldtimertreffen-2024\/\">Anmeldeformular<\/a><\/p>\n\n\n\n<p>Fotos unserer Pr\u00fcmer Oldtimertreffen gibt es in unserem <a href=\"https:\/\/msc-pruem.de\/index.php\/fotoalbum\/\">Fotoalbum<\/a>.<\/p>\n\n\n\n<p><\/p>\n","protected":false},"excerpt":{"rendered":"<p>Der MSC Pr\u00fcm e.V. im ADAC veranstaltet j\u00e4hrlich anl\u00e4sslich der Er\u00f6ffnung des Pr\u00fcmer Sommers ein gro\u00dfes Old- und Youngtimertreffen im Schatten der ehrw\u00fcrdigen St. Salvator Basilika im Herzen der Stadt. Der Termin ist jeweils der letzte Sonntag im Juni. Wir &hellip; <a href=\"https:\/\/msc-pruem.de\/index.php\/oldtimertreffen\/\">Weiterlesen <span class=\"meta-nav\">&rarr;<\/span><\/a><\/p>\n","protected":false},"author":21,"featured_media":0,"parent":0,"menu_order":0,"comment_status":"closed","ping_status":"closed","template":"","meta":{"footnotes":""},"class_list":["post-274","page","type-page","status-publish","hentry"],"yoast_head":"<!-- This site is optimized with the Yoast SEO plugin v27.5 - https:\/\/yoast.com\/product\/yoast-seo-wordpress\/ -->\n<title>Oldtimertreffen - MSC Pr\u00fcm<\/title>\n<meta name=\"robots\" content=\"index, follow, max-snippet:-1, max-image-preview:large, max-video-preview:-1\" \/>\n<link rel=\"canonical\" href=\"https:\/\/msc-pruem.de\/index.php\/oldtimertreffen\/\" \/>\n<meta property=\"og:locale\" content=\"de_DE\" \/>\n<meta property=\"og:type\" content=\"article\" \/>\n<meta property=\"og:title\" content=\"Oldtimertreffen - MSC Pr\u00fcm\" \/>\n<meta property=\"og:description\" content=\"Der MSC Pr\u00fcm e.V. im ADAC veranstaltet j\u00e4hrlich anl\u00e4sslich der Er\u00f6ffnung des Pr\u00fcmer Sommers ein gro\u00dfes Old- und Youngtimertreffen im Schatten de\" \/>\n<meta property=\"og:url\" content=\"https:\/\/msc-pruem.de\/index.php\/oldtimertreffen\/\" \/>\n<meta property=\"og:site_name\" content=\"MSC Pr\u00fcm\" \/>\n<meta property=\"article:publisher\" content=\"https:\/\/www.facebook.com\/groups\/353381200062358\" \/>\n<meta property=\"article:modified_time\" content=\"2025-07-11T09:04:03+00:00\" \/>\n<meta property=\"og:image\" content=\"https:\/\/msc-pruem.de\/wp-content\/uploads\/2022\/12\/OT-mit-Basilika-scaled.jpg\" \/>\n\t<meta property=\"og:image:width\" content=\"2560\" \/>\n\t<meta property=\"og:image:height\" content=\"1587\" \/>\n\t<meta property=\"og:image:type\" content=\"image\/jpeg\" \/>\n<meta name=\"twitter:card\" content=\"summary_large_image\" \/>\n<meta name=\"twitter:label1\" content=\"Gesch\u00e4tzte Lesezeit\" \/>\n\t<meta name=\"twitter:data1\" content=\"2\u00a0Minuten\" \/>\n<script type=\"application\/ld+json\" class=\"yoast-schema-graph\">{\"@context\":\"https:\\\/\\\/schema.org\",\"@graph\":[{\"@type\":\"WebPage\",\"@id\":\"https:\\\/\\\/msc-pruem.de\\\/index.php\\\/oldtimertreffen\\\/\",\"url\":\"https:\\\/\\\/msc-pruem.de\\\/index.php\\\/oldtimertreffen\\\/\",\"name\":\"Oldtimertreffen - MSC Pr\u00fcm\",\"isPartOf\":{\"@id\":\"https:\\\/\\\/msc-pruem.de\\\/#website\"},\"primaryImageOfPage\":{\"@id\":\"https:\\\/\\\/msc-pruem.de\\\/index.php\\\/oldtimertreffen\\\/#primaryimage\"},\"image\":{\"@id\":\"https:\\\/\\\/msc-pruem.de\\\/index.php\\\/oldtimertreffen\\\/#primaryimage\"},\"thumbnailUrl\":\"https:\\\/\\\/msc-pruem.de\\\/wp-content\\\/uploads\\\/2022\\\/12\\\/OT-mit-Basilika-1024x635.jpg\",\"datePublished\":\"2022-12-08T09:16:40+00:00\",\"dateModified\":\"2025-07-11T09:04:03+00:00\",\"breadcrumb\":{\"@id\":\"https:\\\/\\\/msc-pruem.de\\\/index.php\\\/oldtimertreffen\\\/#breadcrumb\"},\"inLanguage\":\"de\",\"potentialAction\":[{\"@type\":\"ReadAction\",\"target\":[\"https:\\\/\\\/msc-pruem.de\\\/index.php\\\/oldtimertreffen\\\/\"]}]},{\"@type\":\"ImageObject\",\"inLanguage\":\"de\",\"@id\":\"https:\\\/\\\/msc-pruem.de\\\/index.php\\\/oldtimertreffen\\\/#primaryimage\",\"url\":\"https:\\\/\\\/msc-pruem.de\\\/wp-content\\\/uploads\\\/2022\\\/12\\\/OT-mit-Basilika-1024x635.jpg\",\"contentUrl\":\"https:\\\/\\\/msc-pruem.de\\\/wp-content\\\/uploads\\\/2022\\\/12\\\/OT-mit-Basilika-1024x635.jpg\"},{\"@type\":\"BreadcrumbList\",\"@id\":\"https:\\\/\\\/msc-pruem.de\\\/index.php\\\/oldtimertreffen\\\/#breadcrumb\",\"itemListElement\":[{\"@type\":\"ListItem\",\"position\":1,\"name\":\"Startseite\",\"item\":\"https:\\\/\\\/msc-pruem.de\\\/\"},{\"@type\":\"ListItem\",\"position\":2,\"name\":\"Oldtimertreffen\"}]},{\"@type\":\"WebSite\",\"@id\":\"https:\\\/\\\/msc-pruem.de\\\/#website\",\"url\":\"https:\\\/\\\/msc-pruem.de\\\/\",\"name\":\"MSC Pr\u00fcm\",\"description\":\"Die Info Seite des Motor Sport Club Pr\u00fcm e.V. im ADAC\",\"publisher\":{\"@id\":\"https:\\\/\\\/msc-pruem.de\\\/#organization\"},\"potentialAction\":[{\"@type\":\"SearchAction\",\"target\":{\"@type\":\"EntryPoint\",\"urlTemplate\":\"https:\\\/\\\/msc-pruem.de\\\/?s={search_term_string}\"},\"query-input\":{\"@type\":\"PropertyValueSpecification\",\"valueRequired\":true,\"valueName\":\"search_term_string\"}}],\"inLanguage\":\"de\"},{\"@type\":\"Organization\",\"@id\":\"https:\\\/\\\/msc-pruem.de\\\/#organization\",\"name\":\"MSC Pr\u00fcm\",\"url\":\"https:\\\/\\\/msc-pruem.de\\\/\",\"logo\":{\"@type\":\"ImageObject\",\"inLanguage\":\"de\",\"@id\":\"https:\\\/\\\/msc-pruem.de\\\/#\\\/schema\\\/logo\\\/image\\\/\",\"url\":\"https:\\\/\\\/sad-engelbart.92-205-58-59.plesk.page\\\/wp-content\\\/uploads\\\/2022\\\/04\\\/cache_2420128692.jpg\",\"contentUrl\":\"https:\\\/\\\/sad-engelbart.92-205-58-59.plesk.page\\\/wp-content\\\/uploads\\\/2022\\\/04\\\/cache_2420128692.jpg\",\"width\":152,\"height\":158,\"caption\":\"MSC Pr\u00fcm\"},\"image\":{\"@id\":\"https:\\\/\\\/msc-pruem.de\\\/#\\\/schema\\\/logo\\\/image\\\/\"},\"sameAs\":[\"https:\\\/\\\/www.facebook.com\\\/groups\\\/353381200062358\"]}]}<\/script>\n<!-- \/ Yoast SEO plugin. -->","yoast_head_json":{"title":"Oldtimertreffen - MSC Pr\u00fcm","robots":{"index":"index","follow":"follow","max-snippet":"max-snippet:-1","max-image-preview":"max-image-preview:large","max-video-preview":"max-video-preview:-1"},"canonical":"https:\/\/msc-pruem.de\/index.php\/oldtimertreffen\/","og_locale":"de_DE","og_type":"article","og_title":"Oldtimertreffen - MSC Pr\u00fcm","og_description":"Der MSC Pr\u00fcm e.V. im ADAC veranstaltet j\u00e4hrlich anl\u00e4sslich der Er\u00f6ffnung des Pr\u00fcmer Sommers ein gro\u00dfes Old- und Youngtimertreffen im Schatten de","og_url":"https:\/\/msc-pruem.de\/index.php\/oldtimertreffen\/","og_site_name":"MSC Pr\u00fcm","article_publisher":"https:\/\/www.facebook.com\/groups\/353381200062358","article_modified_time":"2025-07-11T09:04:03+00:00","og_image":[{"width":2560,"height":1587,"url":"https:\/\/msc-pruem.de\/wp-content\/uploads\/2022\/12\/OT-mit-Basilika-scaled.jpg","type":"image\/jpeg"}],"twitter_card":"summary_large_image","twitter_misc":{"Gesch\u00e4tzte Lesezeit":"2\u00a0Minuten"},"schema":{"@context":"https:\/\/schema.org","@graph":[{"@type":"WebPage","@id":"https:\/\/msc-pruem.de\/index.php\/oldtimertreffen\/","url":"https:\/\/msc-pruem.de\/index.php\/oldtimertreffen\/","name":"Oldtimertreffen - MSC Pr\u00fcm","isPartOf":{"@id":"https:\/\/msc-pruem.de\/#website"},"primaryImageOfPage":{"@id":"https:\/\/msc-pruem.de\/index.php\/oldtimertreffen\/#primaryimage"},"image":{"@id":"https:\/\/msc-pruem.de\/index.php\/oldtimertreffen\/#primaryimage"},"thumbnailUrl":"https:\/\/msc-pruem.de\/wp-content\/uploads\/2022\/12\/OT-mit-Basilika-1024x635.jpg","datePublished":"2022-12-08T09:16:40+00:00","dateModified":"2025-07-11T09:04:03+00:00","breadcrumb":{"@id":"https:\/\/msc-pruem.de\/index.php\/oldtimertreffen\/#breadcrumb"},"inLanguage":"de","potentialAction":[{"@type":"ReadAction","target":["https:\/\/msc-pruem.de\/index.php\/oldtimertreffen\/"]}]},{"@type":"ImageObject","inLanguage":"de","@id":"https:\/\/msc-pruem.de\/index.php\/oldtimertreffen\/#primaryimage","url":"https:\/\/msc-pruem.de\/wp-content\/uploads\/2022\/12\/OT-mit-Basilika-1024x635.jpg","contentUrl":"https:\/\/msc-pruem.de\/wp-content\/uploads\/2022\/12\/OT-mit-Basilika-1024x635.jpg"},{"@type":"BreadcrumbList","@id":"https:\/\/msc-pruem.de\/index.php\/oldtimertreffen\/#breadcrumb","itemListElement":[{"@type":"ListItem","position":1,"name":"Startseite","item":"https:\/\/msc-pruem.de\/"},{"@type":"ListItem","position":2,"name":"Oldtimertreffen"}]},{"@type":"WebSite","@id":"https:\/\/msc-pruem.de\/#website","url":"https:\/\/msc-pruem.de\/","name":"MSC Pr\u00fcm","description":"Die Info Seite des Motor Sport Club Pr\u00fcm e.V. im ADAC","publisher":{"@id":"https:\/\/msc-pruem.de\/#organization"},"potentialAction":[{"@type":"SearchAction","target":{"@type":"EntryPoint","urlTemplate":"https:\/\/msc-pruem.de\/?s={search_term_string}"},"query-input":{"@type":"PropertyValueSpecification","valueRequired":true,"valueName":"search_term_string"}}],"inLanguage":"de"},{"@type":"Organization","@id":"https:\/\/msc-pruem.de\/#organization","name":"MSC Pr\u00fcm","url":"https:\/\/msc-pruem.de\/","logo":{"@type":"ImageObject","inLanguage":"de","@id":"https:\/\/msc-pruem.de\/#\/schema\/logo\/image\/","url":"https:\/\/sad-engelbart.92-205-58-59.plesk.page\/wp-content\/uploads\/2022\/04\/cache_2420128692.jpg","contentUrl":"https:\/\/sad-engelbart.92-205-58-59.plesk.page\/wp-content\/uploads\/2022\/04\/cache_2420128692.jpg","width":152,"height":158,"caption":"MSC Pr\u00fcm"},"image":{"@id":"https:\/\/msc-pruem.de\/#\/schema\/logo\/image\/"},"sameAs":["https:\/\/www.facebook.com\/groups\/353381200062358"]}]}},"_links":{"self":[{"href":"https:\/\/msc-pruem.de\/index.php\/wp-json\/wp\/v2\/pages\/274","targetHints":{"allow":["GET"]}}],"collection":[{"href":"https:\/\/msc-pruem.de\/index.php\/wp-json\/wp\/v2\/pages"}],"about":[{"href":"https:\/\/msc-pruem.de\/index.php\/wp-json\/wp\/v2\/types\/page"}],"author":[{"embeddable":true,"href":"https:\/\/msc-pruem.de\/index.php\/wp-json\/wp\/v2\/users\/21"}],"replies":[{"embeddable":true,"href":"https:\/\/msc-pruem.de\/index.php\/wp-json\/wp\/v2\/comments?post=274"}],"version-history":[{"count":17,"href":"https:\/\/msc-pruem.de\/index.php\/wp-json\/wp\/v2\/pages\/274\/revisions"}],"predecessor-version":[{"id":900,"href":"https:\/\/msc-pruem.de\/index.php\/wp-json\/wp\/v2\/pages\/274\/revisions\/900"}],"wp:attachment":[{"href":"https:\/\/msc-pruem.de\/index.php\/wp-json\/wp\/v2\/media?parent=274"}],"curies":[{"name":"wp","href":"https:\/\/api.w.org\/{rel}","templated":true}]}}