{"id":2,"date":"2022-04-03T22:51:39","date_gmt":"2022-04-03T22:51:39","guid":{"rendered":"https:\/\/sad-engelbart.92-205-58-59.plesk.page\/?page_id=2"},"modified":"2026-01-08T15:45:12","modified_gmt":"2026-01-08T14:45:12","slug":"sample-page","status":"publish","type":"page","link":"https:\/\/msc-pruem.de\/index.php\/sample-page\/","title":{"rendered":"Wir \u00fcber uns"},"content":{"rendered":"\n<p>Der Motorsportclub Pr\u00fcm wurde bereits 1962 gegr\u00fcndet und entwickelte sich innerhalb kurzer Zeit zu einer festen Gr\u00f6\u00dfe im regionalen Motorsport. Insbesondere f\u00fchren wir in eigener Organisation gro\u00dfe lokale Veranstaltungen durch. Dazu geh\u00f6rt seit 1995 vor Allem das j\u00e4hrliche Oldtimertreffen jeweils am letzten Juniwochenende im Rahmen der Er\u00f6ffnung des Pr\u00fcmer Sommers. Hieran nehmen mittlerweile Enthusiasten, auch aus dem benachbarten Ausland, mit ihren automobilen Sch\u00e4tzen teil. Eine Beteiligung von regelm\u00e4\u00dfig bis zu \u00fcber 100 Fahrzeugen belegt die Bedeutung dieser Veranstaltung.<\/p>\n\n\n\n<p>Am Vortag (Samstag) vor unserem gro\u00dfen Oldtimertreffen f\u00fchren wir eine Old- und Youngtimer &#8211; Tour durch, bei der wir die Sch\u00f6nheiten von Eifel und Ardennen erkunden.<\/p>\n\n\n\n<p>Zu beiden Veranstaltungen gibt es Anmeldeformulare, die <a href=\"https:\/\/msc-pruem.de\/index.php\/formulare\/\">hier<\/a> zu finden sind.<\/p>\n\n\n\n<p>Auf der Formular-Seite findet Ihr auch einen <a href=\"https:\/\/msc-pruem.de\/index.php\/mitglied-werden\/\">Mitgliedsantrag<\/a>, falls Euch der MSC Pr\u00fcm gef\u00e4llt und Ihr bei uns mitmachen wollt. <\/p>\n\n\n\n<p><a href=\"https:\/\/msc-pruem.de\/index.php\/satzung\/\">Satzung des MSC Pr\u00fcm e.V. im ADAC<\/a><\/p>\n\n\n\n<p><\/p>\n","protected":false},"excerpt":{"rendered":"<p>Der Motorsportclub Pr\u00fcm wurde bereits 1962 gegr\u00fcndet und entwickelte sich innerhalb kurzer Zeit zu einer festen Gr\u00f6\u00dfe im regionalen Motorsport. Insbesondere f\u00fchren wir in eigener Organisation gro\u00dfe lokale Veranstaltungen durch. Dazu geh\u00f6rt seit 1995 vor Allem das j\u00e4hrliche Oldtimertreffen jeweils &hellip; <a href=\"https:\/\/msc-pruem.de\/index.php\/sample-page\/\">Weiterlesen <span class=\"meta-nav\">&rarr;<\/span><\/a><\/p>\n","protected":false},"author":21,"featured_media":0,"parent":0,"menu_order":1,"comment_status":"closed","ping_status":"closed","template":"","meta":{"footnotes":""},"class_list":["post-2","page","type-page","status-publish","hentry"],"yoast_head":"<!-- This site is optimized with the Yoast SEO plugin v27.5 - https:\/\/yoast.com\/product\/yoast-seo-wordpress\/ -->\n<title>Wir \u00fcber uns - MSC Pr\u00fcm<\/title>\n<meta name=\"robots\" content=\"index, follow, max-snippet:-1, max-image-preview:large, max-video-preview:-1\" \/>\n<link rel=\"canonical\" href=\"https:\/\/msc-pruem.de\/index.php\/sample-page\/\" \/>\n<meta property=\"og:locale\" content=\"de_DE\" \/>\n<meta property=\"og:type\" content=\"article\" \/>\n<meta property=\"og:title\" content=\"Wir \u00fcber uns - MSC Pr\u00fcm\" \/>\n<meta property=\"og:description\" content=\"Der Motorsportclub Pr\u00fcm wurde bereits 1962 gegr\u00fcndet und entwickelte sich innerhalb kurzer Zeit zu einer festen Gr\u00f6\u00dfe im regionalen Motorsport. In\" \/>\n<meta property=\"og:url\" content=\"https:\/\/msc-pruem.de\/index.php\/sample-page\/\" \/>\n<meta property=\"og:site_name\" content=\"MSC Pr\u00fcm\" \/>\n<meta property=\"article:publisher\" content=\"https:\/\/www.facebook.com\/groups\/353381200062358\" \/>\n<meta property=\"article:modified_time\" content=\"2026-01-08T14:45:12+00:00\" \/>\n<meta name=\"twitter:card\" content=\"summary_large_image\" \/>\n<meta name=\"twitter:label1\" content=\"Gesch\u00e4tzte Lesezeit\" \/>\n\t<meta name=\"twitter:data1\" content=\"1\u00a0Minute\" \/>\n<script type=\"application\/ld+json\" class=\"yoast-schema-graph\">{\"@context\":\"https:\\\/\\\/schema.org\",\"@graph\":[{\"@type\":\"WebPage\",\"@id\":\"https:\\\/\\\/msc-pruem.de\\\/index.php\\\/sample-page\\\/\",\"url\":\"https:\\\/\\\/msc-pruem.de\\\/index.php\\\/sample-page\\\/\",\"name\":\"Wir \u00fcber uns - MSC Pr\u00fcm\",\"isPartOf\":{\"@id\":\"https:\\\/\\\/msc-pruem.de\\\/#website\"},\"datePublished\":\"2022-04-03T22:51:39+00:00\",\"dateModified\":\"2026-01-08T14:45:12+00:00\",\"breadcrumb\":{\"@id\":\"https:\\\/\\\/msc-pruem.de\\\/index.php\\\/sample-page\\\/#breadcrumb\"},\"inLanguage\":\"de\",\"potentialAction\":[{\"@type\":\"ReadAction\",\"target\":[\"https:\\\/\\\/msc-pruem.de\\\/index.php\\\/sample-page\\\/\"]}]},{\"@type\":\"BreadcrumbList\",\"@id\":\"https:\\\/\\\/msc-pruem.de\\\/index.php\\\/sample-page\\\/#breadcrumb\",\"itemListElement\":[{\"@type\":\"ListItem\",\"position\":1,\"name\":\"Startseite\",\"item\":\"https:\\\/\\\/msc-pruem.de\\\/\"},{\"@type\":\"ListItem\",\"position\":2,\"name\":\"Wir \u00fcber uns\"}]},{\"@type\":\"WebSite\",\"@id\":\"https:\\\/\\\/msc-pruem.de\\\/#website\",\"url\":\"https:\\\/\\\/msc-pruem.de\\\/\",\"name\":\"MSC Pr\u00fcm\",\"description\":\"Die Info Seite des Motor Sport Club Pr\u00fcm e.V. im ADAC\",\"publisher\":{\"@id\":\"https:\\\/\\\/msc-pruem.de\\\/#organization\"},\"potentialAction\":[{\"@type\":\"SearchAction\",\"target\":{\"@type\":\"EntryPoint\",\"urlTemplate\":\"https:\\\/\\\/msc-pruem.de\\\/?s={search_term_string}\"},\"query-input\":{\"@type\":\"PropertyValueSpecification\",\"valueRequired\":true,\"valueName\":\"search_term_string\"}}],\"inLanguage\":\"de\"},{\"@type\":\"Organization\",\"@id\":\"https:\\\/\\\/msc-pruem.de\\\/#organization\",\"name\":\"MSC Pr\u00fcm\",\"url\":\"https:\\\/\\\/msc-pruem.de\\\/\",\"logo\":{\"@type\":\"ImageObject\",\"inLanguage\":\"de\",\"@id\":\"https:\\\/\\\/msc-pruem.de\\\/#\\\/schema\\\/logo\\\/image\\\/\",\"url\":\"https:\\\/\\\/sad-engelbart.92-205-58-59.plesk.page\\\/wp-content\\\/uploads\\\/2022\\\/04\\\/cache_2420128692.jpg\",\"contentUrl\":\"https:\\\/\\\/sad-engelbart.92-205-58-59.plesk.page\\\/wp-content\\\/uploads\\\/2022\\\/04\\\/cache_2420128692.jpg\",\"width\":152,\"height\":158,\"caption\":\"MSC Pr\u00fcm\"},\"image\":{\"@id\":\"https:\\\/\\\/msc-pruem.de\\\/#\\\/schema\\\/logo\\\/image\\\/\"},\"sameAs\":[\"https:\\\/\\\/www.facebook.com\\\/groups\\\/353381200062358\"]}]}<\/script>\n<!-- \/ Yoast SEO plugin. -->","yoast_head_json":{"title":"Wir \u00fcber uns - MSC Pr\u00fcm","robots":{"index":"index","follow":"follow","max-snippet":"max-snippet:-1","max-image-preview":"max-image-preview:large","max-video-preview":"max-video-preview:-1"},"canonical":"https:\/\/msc-pruem.de\/index.php\/sample-page\/","og_locale":"de_DE","og_type":"article","og_title":"Wir \u00fcber uns - MSC Pr\u00fcm","og_description":"Der Motorsportclub Pr\u00fcm wurde bereits 1962 gegr\u00fcndet und entwickelte sich innerhalb kurzer Zeit zu einer festen Gr\u00f6\u00dfe im regionalen Motorsport. In","og_url":"https:\/\/msc-pruem.de\/index.php\/sample-page\/","og_site_name":"MSC Pr\u00fcm","article_publisher":"https:\/\/www.facebook.com\/groups\/353381200062358","article_modified_time":"2026-01-08T14:45:12+00:00","twitter_card":"summary_large_image","twitter_misc":{"Gesch\u00e4tzte Lesezeit":"1\u00a0Minute"},"schema":{"@context":"https:\/\/schema.org","@graph":[{"@type":"WebPage","@id":"https:\/\/msc-pruem.de\/index.php\/sample-page\/","url":"https:\/\/msc-pruem.de\/index.php\/sample-page\/","name":"Wir \u00fcber uns - MSC Pr\u00fcm","isPartOf":{"@id":"https:\/\/msc-pruem.de\/#website"},"datePublished":"2022-04-03T22:51:39+00:00","dateModified":"2026-01-08T14:45:12+00:00","breadcrumb":{"@id":"https:\/\/msc-pruem.de\/index.php\/sample-page\/#breadcrumb"},"inLanguage":"de","potentialAction":[{"@type":"ReadAction","target":["https:\/\/msc-pruem.de\/index.php\/sample-page\/"]}]},{"@type":"BreadcrumbList","@id":"https:\/\/msc-pruem.de\/index.php\/sample-page\/#breadcrumb","itemListElement":[{"@type":"ListItem","position":1,"name":"Startseite","item":"https:\/\/msc-pruem.de\/"},{"@type":"ListItem","position":2,"name":"Wir \u00fcber uns"}]},{"@type":"WebSite","@id":"https:\/\/msc-pruem.de\/#website","url":"https:\/\/msc-pruem.de\/","name":"MSC Pr\u00fcm","description":"Die Info Seite des Motor Sport Club Pr\u00fcm e.V. im ADAC","publisher":{"@id":"https:\/\/msc-pruem.de\/#organization"},"potentialAction":[{"@type":"SearchAction","target":{"@type":"EntryPoint","urlTemplate":"https:\/\/msc-pruem.de\/?s={search_term_string}"},"query-input":{"@type":"PropertyValueSpecification","valueRequired":true,"valueName":"search_term_string"}}],"inLanguage":"de"},{"@type":"Organization","@id":"https:\/\/msc-pruem.de\/#organization","name":"MSC Pr\u00fcm","url":"https:\/\/msc-pruem.de\/","logo":{"@type":"ImageObject","inLanguage":"de","@id":"https:\/\/msc-pruem.de\/#\/schema\/logo\/image\/","url":"https:\/\/sad-engelbart.92-205-58-59.plesk.page\/wp-content\/uploads\/2022\/04\/cache_2420128692.jpg","contentUrl":"https:\/\/sad-engelbart.92-205-58-59.plesk.page\/wp-content\/uploads\/2022\/04\/cache_2420128692.jpg","width":152,"height":158,"caption":"MSC Pr\u00fcm"},"image":{"@id":"https:\/\/msc-pruem.de\/#\/schema\/logo\/image\/"},"sameAs":["https:\/\/www.facebook.com\/groups\/353381200062358"]}]}},"_links":{"self":[{"href":"https:\/\/msc-pruem.de\/index.php\/wp-json\/wp\/v2\/pages\/2","targetHints":{"allow":["GET"]}}],"collection":[{"href":"https:\/\/msc-pruem.de\/index.php\/wp-json\/wp\/v2\/pages"}],"about":[{"href":"https:\/\/msc-pruem.de\/index.php\/wp-json\/wp\/v2\/types\/page"}],"author":[{"embeddable":true,"href":"https:\/\/msc-pruem.de\/index.php\/wp-json\/wp\/v2\/users\/21"}],"replies":[{"embeddable":true,"href":"https:\/\/msc-pruem.de\/index.php\/wp-json\/wp\/v2\/comments?post=2"}],"version-history":[{"count":9,"href":"https:\/\/msc-pruem.de\/index.php\/wp-json\/wp\/v2\/pages\/2\/revisions"}],"predecessor-version":[{"id":1037,"href":"https:\/\/msc-pruem.de\/index.php\/wp-json\/wp\/v2\/pages\/2\/revisions\/1037"}],"wp:attachment":[{"href":"https:\/\/msc-pruem.de\/index.php\/wp-json\/wp\/v2\/media?parent=2"}],"curies":[{"name":"wp","href":"https:\/\/api.w.org\/{rel}","templated":true}]}}